{"id":2,"date":"2014-08-16T12:32:55","date_gmt":"2014-08-16T11:32:55","guid":{"rendered":"http:\/\/plombier-paris-urgence.com\/?page_id=2"},"modified":"2025-08-28T23:14:43","modified_gmt":"2025-08-28T23:14:43","slug":"accueil","status":"publish","type":"page","link":"https:\/\/www.plombier-paris-urgence.com\/","title":{"rendered":"Plombier Paris &#8211; 06 15 16 24 95"},"content":{"rendered":"<p>[rev_slider main][vc_row][vc_column][vc_custom_heading text=\u00a0\u00bbVous rechercher un Plombier \u00e0 Paris en urgence? Appelez le <a href=\"tel:+33615162495\">06 15 16 24 95<\/a>\u00ab\u00a0][vc_row_inner][vc_column_inner width=\u00a0\u00bb1\/4&Prime;][vc_single_image image=\u00a0\u00bb2031&Prime; img_size=\u00a0\u00bbfull\u00a0\u00bb][\/vc_column_inner][vc_column_inner width=\u00a0\u00bb3\/4&Prime;][vc_column_text]<\/p>\n<div class=\"h2_holder\">\n<p>Bienvenue chez AUDA Plombier Par, votre plombier de confiance \u00e0 Paris. Nous sommes fiers de fournir des services de qualit\u00e9 en mati\u00e8re de d\u00e9pannage, d&rsquo;urgence et de r\u00e9paration de plomberie. Contactez-nous 24\/7 pour des solutions rapides et efficaces.<\/p>\n<\/div>\n<p>[\/vc_column_text][\/vc_column_inner][\/vc_row_inner][vc_row_inner][vc_column_inner width=\u00a0\u00bb1\/3&Prime;][vc_column_text]<\/p>\n<ul>\n<li>Installation chauffe-eau<\/li>\n<li>Plombier Paris<\/li>\n<li>D\u00e9pannage chauffe-eau<\/li>\n<li>Panne de plomberie<\/li>\n<li>D\u00e9bouchage de canalisation<\/li>\n<li>R\u00e9paration de fuite de gaz<\/li>\n<\/ul>\n<p>[\/vc_column_text][\/vc_column_inner][vc_column_inner width=\u00a0\u00bb1\/3&Prime;][vc_column_text]<\/p>\n<ul>\n<li>D\u00e9pannage sanitaire<\/li>\n<li>Tous travaux de tuyauterie<\/li>\n<li>R\u00e9paration fuite d\u2019eau<\/li>\n<li>Assainissement canalisation<\/li>\n<li>Plombier Urgent<\/li>\n<\/ul>\n<p>[\/vc_column_text][\/vc_column_inner][vc_column_inner width=\u00a0\u00bb1\/3&Prime;][vc_column_text]<\/p>\n<ul>\n<li>D\u00e9bouchage \u00e9vier<\/li>\n<li>D\u00e9bouchage toilettes<\/li>\n<li>Changements de joints<\/li>\n<li>Remplacement de mat\u00e9riel<\/li>\n<li>Entretien et maintenance<\/li>\n<li>Travaux de plomberie<\/li>\n<\/ul>\n<p>[\/vc_column_text][\/vc_column_inner][\/vc_row_inner][vc_column_text]<\/p>\n<p>Auda B\u00e2timent met toute son expertise et son savoir-faire pour entreprendre les travaux de plomberie dont vous avez besoin, en particulier s\u2019il s\u2019agit d\u2019une urgence.<\/p>\n<p>[\/vc_column_text][vc_custom_heading text=\u00a0\u00bbUn plombier en urgence \u00e0 Paris\u00a0\u00bb font_container=\u00a0\u00bbtag:h3|text_align:left\u00a0\u00bb][vc_row_inner][vc_column_inner width=\u00a0\u00bb1\/4&Prime;][vc_single_image image=\u00a0\u00bb2043&Prime; img_size=\u00a0\u00bbfull\u00a0\u00bb][\/vc_column_inner][vc_column_inner width=\u00a0\u00bb3\/4&Prime;][vc_column_text]<\/p>\n<div class=\"h2_holder\">\n<p>D\u00e8s votre appel, un plombier professionnel est d\u00e9p\u00each\u00e9 rapidement chez vous. Il diagnostiquera votre panne, vous pr\u00e9conisera et vous conseillera sur les actions \u00e0 entreprendre et \u00e9tablira un <strong><a title=\"combien coute l'intervention d'un plombier en urgence \u00e0 Paris\" href=\"http:\/\/plombier-paris-urgence.com\/devis-plomberie-en-ligne\/\">devis d\u2019intervention de plomberie sur mesure<\/a><\/strong>. Ainsi, si une partie de votre plomberie n\u2019est pas engag\u00e9e dans la panne, celle-ci ne sera remplac\u00e9e. Seules les parties d\u00e9fectueuses le seront.<\/p>\n<h4>Aucune prestation n\u2019est effectu\u00e9e sans l\u2019acceptation de votre part du devis.<\/h4>\n<p>Pour un <a title=\"les interventions de plomberie en urgence \u00e0 Paris\" href=\"http:\/\/plombier-paris-urgence.com\/plombier-paris-urgence\/\"><strong>d\u00e9pannage plomberie urgent \u00e0 Paris<\/strong><\/a>, composez le <a href=\"tel:+33615162495\">06 15 16 24 95<\/a>. Nous sommes joignables \u00e0 tout moment, 24h\/24, 7j\/7.<\/p>\n<\/div>\n<p>[\/vc_column_text][\/vc_column_inner][\/vc_row_inner][vc_row_inner][vc_column_inner width=\u00a0\u00bb1\/4&Prime;][vc_single_image image=\u00a0\u00bb2045&Prime; img_size=\u00a0\u00bbfull\u00a0\u00bb][\/vc_column_inner][vc_column_inner width=\u00a0\u00bb3\/4&Prime;][vc_column_text]<\/p>\n<h3>Pas d\u2019urgence ? Planifiez vos travaux d\u2019installation et de r\u00e9novation de plomberie<\/h3>\n<p>Toujours \u00e0 l\u2019\u00e9coute de nos clients, et selon l\u2019urgence de vos travaux de plomberie, nous vous mettons un plombier qualifi\u00e9 \u00e0 votre service afin d\u2019\u00e9tudier votre <a title=\"planification de travaux de r\u00e9novation d'une installation de tuyauterie\" href=\"http:\/\/plombier-paris-urgence.com\/renovation-chauffage-plomberie\/\"><strong>projet d\u2019installation et de r\u00e9novation de tuyauterie<\/strong><\/a>.<\/p>\n<p>Notre \u00e9quipe exp\u00e9riment\u00e9e vous fournit des prestations adapt\u00e9es \u00e0 vos n\u00e9cessit\u00e9s et emploie du mat\u00e9riel de 1<sup>er<\/sup> choix issus de fournisseurs reconnus. Elle intervient depuis le diagnostic des travaux \u00e0 r\u00e9aliser jusqu\u2019aux finitions, afin de vous garantir un service respectueux de vos exigences.<\/p>\n<p>[\/vc_column_text][\/vc_column_inner][\/vc_row_inner][vc_row_inner][vc_column_inner][vc_basic_grid post_type=\u00a0\u00bbpost\u00a0\u00bb max_items=\u00a0\u00bb10&Prime; style=\u00a0\u00bbpagination\u00a0\u00bb items_per_page=\u00a0\u00bb1&Prime; element_width=\u00a0\u00bb12&Prime; gap=\u00a0\u00bb20&Prime; arrows_design=\u00a0\u00bbvc_arrow-icon-arrow_02_left\u00a0\u00bb paging_design=\u00a0\u00bbnone\u00a0\u00bb loop=\u00a0\u00bbyes\u00a0\u00bb autoplay=\u00a0\u00bb5&Prime; grid_id=\u00a0\u00bbvc_gid:1501171276463-5c19fe4d-7eb5-0&Prime;][\/vc_column_inner][\/vc_row_inner][vc_row_inner][vc_column_inner width=\u00a0\u00bb1\/3&Prime;][vc_single_image image=\u00a0\u00bb1882&Prime; img_size=\u00a0\u00bbmedium\u00a0\u00bb][vc_column_text]<\/p>\n<div class=\"p\">\n<h3>Services<\/h3>\n<h4>D\u00e9pannage Plomberie<\/h4>\n<p>Notre \u00e9quipe de plombiers qualifi\u00e9s est pr\u00eate \u00e0 intervenir rapidement pour r\u00e9soudre tous vos probl\u00e8mes de plomberie. Du simple d\u00e9pannage \u00e0 la r\u00e9paration de fuites d&rsquo;eau complexes, nous avons l&rsquo;expertise n\u00e9cessaire pour vous offrir un service fiable et professionnel.<\/p>\n<h4>D\u00e9bouchage Canalisation<\/h4>\n<p>Les canalisations bouch\u00e9es peuvent causer des d\u00e9sagr\u00e9ments majeurs. Confiez-nous le d\u00e9bouchage de vos canalisations pour garantir un flux d&rsquo;eau fluide dans votre maison ou votre entreprise. Notre \u00e9quipe utilise des techniques modernes pour r\u00e9soudre efficacement les probl\u00e8mes de canalisation.<\/p>\n<h4>Urgence Plombier Paris<\/h4>\n<p>Les urgences en plomberie ne choisissent pas le moment opportun. Nous sommes disponibles 24 heures sur 24, 7 jours sur 7, pour r\u00e9pondre \u00e0 vos besoins en urgence. Notre \u00e9quipe se d\u00e9place rapidement dans tout Paris pour r\u00e9soudre vos probl\u00e8mes de plomberie, peu importe l&rsquo;heure.<\/p>\n<h4>R\u00e9paration Fuite d&rsquo;Eau<\/h4>\n<p>Les fuites d&rsquo;eau peuvent causer des dommages importants. Faites appel \u00e0 nos services de r\u00e9paration de fuites d&rsquo;eau pour identifier et r\u00e9soudre rapidement tout probl\u00e8me de plomberie. Nous utilisons des techniques avanc\u00e9es pour minimiser les d\u00e9g\u00e2ts et assurer la long\u00e9vit\u00e9 de vos installations.<\/p>\n<h4>Service Plomberie 24\/7<\/h4>\n<p>La disponibilit\u00e9 est notre priorit\u00e9. Peu importe quand vous avez besoin d&rsquo;aide, nous sommes l\u00e0 pour vous. Notre service de plomberie 24\/7 garantit que vous pouvez compter sur nous \u00e0 tout moment, de jour comme de nuit, pour des solutions rapides et efficaces.<\/p>\n<h4>Plombier Professionnel Paris<\/h4>\n<p>Faites confiance \u00e0 notre \u00e9quipe de plombiers professionnels \u00e0 Paris pour des services de qualit\u00e9. Nous combinons notre expertise avec un service client exceptionnel pour vous offrir une exp\u00e9rience sans souci. La satisfaction de nos clients est notre priorit\u00e9 absolue.<\/p>\n<\/div>\n<h4>Plombier Paris Urgent<\/h4>\n<div class=\"p\">\n<p><strong>Une entreprise, un seul num\u00e9ro: <a href=\"tel:+33615162495\">06 15 16 24 95<\/a><\/strong><\/p>\n<p>Quel que soit l\u2019arrondissement de Paris dans lequel vous vous situez, Auda B\u00e2timent vous propose ses <strong>services de d\u00e9pannage rapide en plomberie<\/strong> et assure tous les travaux de maintenance de plomberie 24h\/7j.<\/p>\n<\/div>\n<p>[\/vc_column_text][\/vc_column_inner][vc_column_inner width=\u00a0\u00bb1\/3&Prime;][vc_single_image image=\u00a0\u00bb1883&Prime; img_size=\u00a0\u00bbmedium\u00a0\u00bb][vc_column_text]<\/p>\n<h4>Service de d\u00e9pannage rapide<\/h4>\n<div class=\"p\">D\u00e8s que vous rep\u00e9rez une anomalie dans votre tuyauterie, n\u2019attendez pas qu\u2019il soit trop tard. Au-del\u00e0 des simples gestes pour limiter le probl\u00e8me, contactez votre <strong>sp\u00e9cialiste en d\u00e9pannage plomberie<\/strong> de toute urgence. Ne laissez pas votre souci et les d\u00e9g\u00e2ts empirer au risque de voir vos \u00e9conomies s\u2019envoler.<\/div>\n<p>[\/vc_column_text][\/vc_column_inner][\/vc_row_inner][vc_row_inner][vc_column_inner width=\u00a0\u00bb1\/3&Prime;][vc_single_image image=\u00a0\u00bb2036&Prime; img_size=\u00a0\u00bbmedium\u00a0\u00bb][vc_column_text]<\/p>\n<h4>Devis Gratuit<\/h4>\n<div class=\"p\">Lors de son intervention, notre plombier diagnostique votre panne et \u00e9tudie les solutions les mieux adapt\u00e9es afin d\u2019\u00e9tablir un <strong>devis gratuit sur mesure<\/strong>. Chaque intervention en plomberie, m\u00eame urgente, ne sera effectu\u00e9e qu\u2019apr\u00e8s acceptation du devis. Nos prix sont clairs et sans surprise, et nous travaillons avec du mat\u00e9riel de 1<sup>er<\/sup> choix.<\/div>\n<p>[\/vc_column_text][\/vc_column_inner][vc_column_inner width=\u00a0\u00bb1\/3&Prime;][vc_single_image image=\u00a0\u00bb2042&Prime; img_size=\u00a0\u00bbmedium\u00a0\u00bb][vc_column_text]<\/p>\n<h4>Nos Interventions<\/h4>\n<div class=\"p\">Qu\u2019il s\u2019agisse de <strong>r\u00e9paration de tuyauterie, de d\u00e9pannage<\/strong>, de mani\u00e8re urgente ou planifi\u00e9e, Auda B\u00e2timent met \u00e0 votre disposition tout son savoir-faire et ses connaissances pour traiter votre probl\u00e9matique dans les meilleures conditions et vous assurer une qualit\u00e9 de travail irr\u00e9prochable et sans surprise<\/div>\n<p>[\/vc_column_text][\/vc_column_inner][\/vc_row_inner][\/vc_column][\/vc_row][vc_row][vc_column][vc_separator color=\u00a0\u00bbturquoise\u00a0\u00bb][vc_column_text]<\/p>\n<div class=\"h2_holder\">\n<h2 class=\"module_title\">Depuis 2000, nos clients nous renouvellent leur confiance<\/h2>\n<\/div>\n<p>[\/vc_column_text][vc_column_text]<\/p>\n<div class=\"h2_holder\">\n<h2><strong class=\"pt13\">Une entreprise, un seul num\u00e9ro : <a href=\"tel:+33615162495\">06 15 16 24 95<\/a><\/strong><\/h2>\n<p>Notre service de d\u00e9pannage rapide en <strong>plomberie<\/strong> couvre tous les arrondissements de Paris.<\/p>\n<p><strong>Auda B\u00e2timent<\/strong> travaille exclusivement avec des pi\u00e8ces d\u00e9tach\u00e9es ou mat\u00e9riels de grandes marques afin de vous garantir qualit\u00e9 et p\u00e9rennit\u00e9 de notre travail.<\/p>\n<\/div>\n<p>[\/vc_column_text][\/vc_column][\/vc_row]<\/p>\n","protected":false},"excerpt":{"rendered":"<p>[rev_slider main][vc_row][vc_column][vc_custom_heading text=\u00a0\u00bbVous rechercher un Plombier \u00e0 Paris en urgence? Appelez le 06 15 16 24 95\u00ab\u00a0][vc_row_inner][vc_column_inner width=\u00a0\u00bb1\/4&Prime;][vc_single_image image=\u00a0\u00bb2031&Prime; img_size=\u00a0\u00bbfull\u00a0\u00bb][\/vc_column_inner][vc_column_inner width=\u00a0\u00bb3\/4&Prime;][vc_column_text] Bienvenue chez AUDA Plombier Par, votre plombier de confiance \u00e0 Paris. Nous sommes fiers de fournir des services de qualit\u00e9 en mati\u00e8re de d\u00e9pannage, d&rsquo;urgence et de r\u00e9paration de plomberie. Contactez-nous 24\/7 pour des [&hellip;]<\/p>\n","protected":false},"author":1,"featured_media":0,"parent":0,"menu_order":0,"comment_status":"closed","ping_status":"closed","template":"","meta":{"footnotes":""},"_links":{"self":[{"href":"https:\/\/www.plombier-paris-urgence.com\/index.php?rest_route=\/wp\/v2\/pages\/2"}],"collection":[{"href":"https:\/\/www.plombier-paris-urgence.com\/index.php?rest_route=\/wp\/v2\/pages"}],"about":[{"href":"https:\/\/www.plombier-paris-urgence.com\/index.php?rest_route=\/wp\/v2\/types\/page"}],"author":[{"embeddable":true,"href":"https:\/\/www.plombier-paris-urgence.com\/index.php?rest_route=\/wp\/v2\/users\/1"}],"replies":[{"embeddable":true,"href":"https:\/\/www.plombier-paris-urgence.com\/index.php?rest_route=%2Fwp%2Fv2%2Fcomments&post=2"}],"version-history":[{"count":314,"href":"https:\/\/www.plombier-paris-urgence.com\/index.php?rest_route=\/wp\/v2\/pages\/2\/revisions"}],"predecessor-version":[{"id":2305,"href":"https:\/\/www.plombier-paris-urgence.com\/index.php?rest_route=\/wp\/v2\/pages\/2\/revisions\/2305"}],"wp:attachment":[{"href":"https:\/\/www.plombier-paris-urgence.com\/index.php?rest_route=%2Fwp%2Fv2%2Fmedia&parent=2"}],"curies":[{"name":"wp","href":"https:\/\/api.w.org\/{rel}","templated":true}]}}