{"id":143,"date":"2014-08-25T16:07:28","date_gmt":"2014-08-25T15:07:28","guid":{"rendered":"http:\/\/plombier-paris-urgence.com\/?page_id=143"},"modified":"2025-08-28T23:10:29","modified_gmt":"2025-08-28T23:10:29","slug":"urgence-plombier-paris","status":"publish","type":"page","link":"https:\/\/www.plombier-paris-urgence.com\/?page_id=143","title":{"rendered":"Urgence Plombier Paris &#8211; 06 15 16 24 95"},"content":{"rendered":"<p>[vc_row][vc_column][vc_column_text]<\/p>\n<div class=\"tb\" style=\"width: 100%; float: left;\">\n<div class=\"th\">\n<p><img fetchpriority=\"high\" decoding=\"async\" title=\"Une urgence plombier \u00e0 Paris\" src=\"http:\/\/plombier-paris-urgence.com\/wp-content\/uploads\/2014\/08\/urgence-plombier-paris.jpg\" alt=\"Nous sommes joignables \u00e0 toute heure du jour et de la nuit, 7 jours sur 7 au 01.43.66.77.01\" width=\"400\" height=\"400\" \/><\/p>\n<\/div>\n<div class=\"th\">\n<h1><strong>Une urgence plombier \u00e0 Paris?<\/strong><\/h1>\n<p>Vous \u00eates \u00e0 la <strong>recherche en urgence d\u2019un plombier sur Paris<\/strong> pour r\u00e9soudre votre probl\u00e8me\u00a0? Ne cherchez plus\u00a0!\u00a0 Auda B\u00e2timent met \u00e0 votre disposition un plombier professionnel pour tout type d\u2019intervention de plomberie en urgence. Nous sommes \u00e0 votre service, quel que soit l\u2019arrondissement de Paris dans lequel vous r\u00e9sidez.<\/p>\n<p>Notre \u00e9quipe de plombiers exp\u00e9riment\u00e9s intervient dans les plus brefs d\u00e9lais afin de circonscrire et traiter rapidement le probl\u00e8me. Nous sommes joignables \u00e0 toute heure du jour et de la nuit, 7 jours sur 7 au <a href=\"tel:+33143667701\"><strong>01.43.66.77.01<\/strong><\/a> ou sur le mobile du plombier d\u2019astreinte au <a href=\"tel:+33615162495\"><strong>06.15.16.24.95<\/strong>.<\/a><\/p>\n<\/div>\n<\/div>\n<p>&nbsp;<\/p>\n<div class=\"tb\" style=\"width: 100%; float: left;\">\n<div class=\"th\">\n<h2>Tous vos probl\u00e8mes urgents de plomberie r\u00e9solus avec Auda B\u00e2timent<\/h2>\n<p>Qu\u2019il s\u2019agisse d\u2019une <a title=\"r\u00e9paration fuite d'eau \u00e0 paris\" href=\"http:\/\/plombier-paris-urgence.com\/urgence-plombier-paris\/reparation-fuite-deau-paris\/\">fuite d\u2019eau<\/a>, de <a title=\"plombier pour d\u00e9boucher une canalisation\" href=\"http:\/\/plombier-paris-urgence.com\/urgence-plombier-paris\/debouchage-canalisation\/\">canalisation bouch\u00e9e<\/a>, de <a title=\"intervention chauffagiste Paris\" href=\"http:\/\/plombier-paris-urgence.com\/depannage-chauffage-paris\/\">probl\u00e8me de chauffage<\/a> ou de tout autre d\u00e9sagr\u00e9ment li\u00e9 \u00e0 votre plomberie, nos plombiers se tiennent \u00e0 votre disposition et mettront leur savoir-faire dans la r\u00e9solution du ph\u00e9nom\u00e8ne.<\/p>\n<p>Rien de plus d\u00e9sagr\u00e9able que d\u2019\u00eatre confront\u00e9 \u00e0 un \u00e9vier bouch\u00e9, une douche ou des wc qui n\u2019\u00e9vacuent plus, ou encore \u00e0 un dysfonctionnement du chauffage, surtout en pleine nuit. Mais nos plombiers sont \u00e0 votre disposition \u00e0 tout moment pour solutionner votre probl\u00e8me, sur simple appel t\u00e9l\u00e9phonique.<\/p>\n<p>Lors de nos interventions, nous travaillons avec du <a title=\"installation de tuyauteries neuves sur paris\" href=\"http:\/\/plombier-paris-urgence.com\/urgence-plombier-paris\/installation-materiel-neuf\/\">mat\u00e9riel de plomberie de 1er choix<\/a> et proposons des <a title=\"combien coute l'intervention d'un plombier \u00e0 Paris\" href=\"http:\/\/plombier-paris-urgence.com\/devis-plomberie-en-ligne\/\">devis gratuits.<\/a> Nous vous proposons les meilleures solutions pour une intervention rapide et efficace mais nous sommes aussi la pour vous conseiller dans vos choix.<\/p>\n<p>Vous recherchez un plombier en urgence \u00e0 Paris\u00a0? N\u2019attendez pas qu\u2019il soit trop tard\u00a0! Contactez-nous vite\u00a0!<\/p>\n<\/div>\n<div class=\"th\">\n<p><img decoding=\"async\" style=\"width: 90%; margin-left: 5%;\" title=\"Tous vos probl\u00e8mes urgents de plomberie r\u00e9solus avec Auda B\u00e2timent\" src=\"http:\/\/plombier-paris-urgence.com\/wp-content\/uploads\/2014\/08\/plombier-paris.jpg\" alt=\"Contactez-nous au 01.43.66.77.01 pour toute urgence en mati\u00e8re de\" width=\"700\" height=\"800\" \/><\/p>\n<h2>Contactez-nous au 01.43.66.77.01 pour toute urgence en mati\u00e8re de :<\/h2>\n<ul>\n<li><a href=\"http:\/\/plombier-paris-urgence.com\/urgence-plombier-paris\/\">Panne de plomberie<\/a><\/li>\n<li><a href=\"http:\/\/plombier-paris-urgence.com\/urgence-plombier-paris\/debouchage-canalisation\/\">D\u00e9bouchage de canalisation<\/a><\/li>\n<li><a href=\"http:\/\/plombier-paris-urgence.com\/urgence-plombier-paris\/debouchage-canalisation\/\">D\u00e9pannage sanitaire wc<\/a><\/li>\n<li><a href=\"http:\/\/plombier-paris-urgence.com\/urgence-plombier-paris\/reparation-fuite-deau-paris\/\">R\u00e9paration de fuite d\u2019eau<\/a><\/li>\n<li><a href=\"http:\/\/plombier-paris-urgence.com\/urgence-plombier-paris\/debouchage-canalisation\/\">D\u00e9bouchage \u00e9vier et toilettes<\/a><\/li>\n<li><a href=\"http:\/\/plombier-paris-urgence.com\/urgence-plombier-paris\/installation-materiel-neuf\/\">Remplacement de mat\u00e9riel de plomberie d\u00e9fectueux<\/a><\/li>\n<li>Etc.<\/li>\n<\/ul>\n<\/div>\n<div class=\"td\"><\/div>\n<\/div>\n<p>&nbsp;<\/p>\n<p>&nbsp;<\/p>\n<p>[tiny-carousel-slider id=\u00a0\u00bb1&Prime;]<\/p>\n<h2 style=\"text-align: center;\"><strong class=\"pt13\">Une entreprise, un seul num\u00e9ro : <span style=\"color: #ff6600;\">01 43 66 77 01<\/span><\/strong><\/h2>\n<p style=\"text-align: center;\">Notre service de d\u00e9pannage rapide en <strong>plomberie<\/strong> couvre tous les arrondissements de Paris.<\/p>\n<p style=\"text-align: center;\"><strong>Auda B\u00e2timen<\/strong>t travaille exclusivement avec des pi\u00e8ces d\u00e9tach\u00e9es ou mat\u00e9riels de grandes marques afin de vous garantir qualit\u00e9 et p\u00e9rennit\u00e9 de notre travail.<\/p>\n<p>[\/vc_column_text][\/vc_column][\/vc_row]<\/p>\n","protected":false},"excerpt":{"rendered":"<p>[vc_row][vc_column][vc_column_text] Une urgence plombier \u00e0 Paris? Vous \u00eates \u00e0 la recherche en urgence d\u2019un plombier sur Paris pour r\u00e9soudre votre probl\u00e8me\u00a0? Ne cherchez plus\u00a0!\u00a0 Auda B\u00e2timent met \u00e0 votre disposition un plombier professionnel pour tout type d\u2019intervention de plomberie en urgence. Nous sommes \u00e0 votre service, quel que soit l\u2019arrondissement de Paris dans lequel vous [&hellip;]<\/p>\n","protected":false},"author":1,"featured_media":0,"parent":0,"menu_order":0,"comment_status":"closed","ping_status":"closed","template":"","meta":{"footnotes":""},"_links":{"self":[{"href":"https:\/\/www.plombier-paris-urgence.com\/index.php?rest_route=\/wp\/v2\/pages\/143"}],"collection":[{"href":"https:\/\/www.plombier-paris-urgence.com\/index.php?rest_route=\/wp\/v2\/pages"}],"about":[{"href":"https:\/\/www.plombier-paris-urgence.com\/index.php?rest_route=\/wp\/v2\/types\/page"}],"author":[{"embeddable":true,"href":"https:\/\/www.plombier-paris-urgence.com\/index.php?rest_route=\/wp\/v2\/users\/1"}],"replies":[{"embeddable":true,"href":"https:\/\/www.plombier-paris-urgence.com\/index.php?rest_route=%2Fwp%2Fv2%2Fcomments&post=143"}],"version-history":[{"count":57,"href":"https:\/\/www.plombier-paris-urgence.com\/index.php?rest_route=\/wp\/v2\/pages\/143\/revisions"}],"predecessor-version":[{"id":2300,"href":"https:\/\/www.plombier-paris-urgence.com\/index.php?rest_route=\/wp\/v2\/pages\/143\/revisions\/2300"}],"wp:attachment":[{"href":"https:\/\/www.plombier-paris-urgence.com\/index.php?rest_route=%2Fwp%2Fv2%2Fmedia&parent=143"}],"curies":[{"name":"wp","href":"https:\/\/api.w.org\/{rel}","templated":true}]}}